s 5560 (base 7) in base 11?
1560
2012201 (base 3) to base 9
2181
Convert 23010311 (base 4) to base 10.
45365
-7 (base 8) to base 9
-7
Convert -11100010111111 (base 2) to base 12.
-84a7
Convert -13c (base 14) to base 7.
-505
-3131 (base 8) to base 11
-1248
-16470 (base 8) to base 7
-30544
344 (base 13) to base 12
3ab
Convert 30 (base 5) to base 14.
11
Convert -126326 (base 7) to base 3.
-1012200202
What is 16237 (base 15) in base 3?
10121220121
What is 200232 (base 6) in base 14?
59b6
What is 2416 (base 10) in base 11?
18a7
215b (base 13) to base 5
122024
75c (base 14) to base 3
1222212
Convert 1556 (base 9) to base 14.
609
Convert -12434 (base 8) to base 14.
-1d80
What is 862 (base 9) in base 4?
23000
What is 1006 (base 10) in base 12?
6ba
What is -d2 (base 14) in base 11?
-158
Convert -1033032 (base 4) to base 6.
-35250
Convert -5230 (base 12) to base 7.
-35064
What is -103112 (base 6) in base 12?
-4a98
20bab (base 12) to base 5
2340222
-13133203 (base 4) to base 10
-30691
What is -2024024 (base 5) in base 10?
-33014
Convert 104614 (base 8) to base 5.
2111322
What is 1304 (base 9) in base 16?
3d0
38 (base 10) to base 14
2a
-21022212 (base 3) to base 11
-4017
2 (base 10) to base 4
2
What is 427 (base 11) in base 3?
201000
Convert -208 (base 16) to base 8.
-1010
What is -3246 (base 7) in base 6?
-5213
What is -53c (base 14) in base 9?
-1368
-151 (base 15) to base 12
-211
-1206 (base 11) to base 14
-80b
Convert 4263 (base 9) to base 10.
3135
What is 1000111010 (base 2) in base 7?
1443
-17329 (base 10) to base 14
-645b
Convert -17300 (base 10) to base 14.
-643a
What is 22117 (base 10) in base 4?
11121211
What is 128 (base 9) in base 2?
1101011
150354 (base 6) to base 10
14398
Convert 30158 (base 9) to base 13.
9035
What is 10000011 (base 2) in base 8?
203
What is 1738 (base 9) in base 10?
1331
-101101 (base 2) to base 15
-30
-21772 (base 8) to base 10
-9210
Convert 231023 (base 5) to base 9.
12301
What is -192 (base 16) in base 2?
-110010010
22131 (base 4) to base 14
35b
8885 (base 13) to base 14
6d1b
What is 26342 (base 7) in base 10?
7037
-139 (base 14) to base 2
-11110111
23 (base 11) to base 14
1b
What is -426 (base 9) in base 2?
-101011100
Convert 1d6 (base 14) to base 7.
1056
Convert -6789 (base 11) to base 12.
-5202
Convert -4cf7 (base 16) to base 13.
-8c78
What is -73c2 (base 15) in base 12?
-12202
Convert -7788 (base 10) to base 7.
-31464
Convert -32121 (base 4) to base 13.
-55b
What is 3862 (base 13) in base 16?
1f57
Convert 33 (base 12) to base 5.
124
What is 2023 (base 7) in base 9?
861
Convert 10686 (base 9) to base 11.
5398
-251 (base 16) to base 5
-4333
Convert -20140 (base 10) to base 11.
-1414a
Convert -145 (base 11) to base 9.
-208
What is -52a (base 13) in base 3?
-1012122
Convert -12794 (base 12) to base 7.
-133540
Convert 1542 (base 7) to base 5.
4433
Convert 1738 (base 11) to base 8.
4253
What is 11022010 (base 3) in base 8?
6077
What is 4a48 (base 13) in base 12?
6122
What is -2023 (base 13) in base 16?
-1147
20775 (base 9) to base 14
5029
What is -1110221 (base 3) in base 7?
-3100
What is 2ca (base 14) in base 10?
570
Convert 1030331 (base 4) to base 9.
6672
Convert 233 (base 9) to base 13.
11a
What is 3544 (base 6) in base 11?
709
1110001111101 (base 2) to base 15
2263
Convert -6ac (base 15) to base 6.
-11000
-114011 (base 5) to base 6
-31412
30474 (base 8) to base 16
313c
2021010110 (base 3) to base 11
30531
-22354 (base 7) to base 10
-5674
1e2 (base 15) to base 9
535
What is 221010112 (base 3) in base 11?
12845
1021 (base 3) to base 16
22
What is -7180 (base 11) in base 5?
-301101
-4044 (base 5) to base 10
-524
What is -1929 (base 10) in base 14?
-9bb
What is 310410 (base 5) in base 16?
2779
What is 1014 (base 10) in base 8?
1766
What is 5436 (base 10) in base 8?
12474
What is -4268 (base 9) in base 15?
-de5
-1aa2b (base 12) to base 5
-2230431
a33 (base 15) to base 12
13b6
-89c (base 16) to base 7
-6266
What is -11110110 (base 2) in base 16?
-f6
What is 674 (base 10) in base 15?
2ee
-8b7 (base 13) to base 6
-10542
What is -1443 (base 6) in base 13?
-23a
-2d07 (base 15) to base 14
-3758
What is 42ab (base 14) in base 2?
10110011111111
What is 32c6 (base 13) in base 16?
1bb3
Convert 1312 (base 5) to base 4.
3033
4a32 (base 12) to base 7
33314
What is -2021121 (base 3) in base 5?
-23123
Convert -2332 (base 9) to base 15.
-7a5
-1346 (base 11) to base 10
-1744
-a100 (base 12) to base 10
-17424
Convert -8 (base 15) to base 11.
-8
Convert 222121 (base 3) to base 13.
433
What is -1b4 (base 15) in base 16?
-18a
Convert 24a6 (base 16) to base 6.
111234
Convert 10100001001 (base 2) to base 8.
2411
What is -23122 (base 7) in base 13?
-28b7
Convert 2b55 (base 13) to base 11.
4829
Convert 133201 (base 5) to base 3.
21102222
Convert -12210032 (base 4) to base 2.
-110100100001110
Convert 41864 (base 12) to base 4.
110332030
-3411 (base 15) to base 13
-5044
Convert -4776 (base 15) to base 9.
-22743
-1253 (base 6) to base 8
-501
5463 (base 7) to base 5
30311
1a09 (base 13) to base 12
2308
What is a330 (base 13) in base 2?
101011111110100
-2022214 (base 5) to base 16
-8029
Convert 1233 (base 4) to base 5.
421
What is 2c9c (base 16) in base 15?
35b5
-8b9 (base 12) to base 14
-685
70004 (base 8) to base 10
28676
What is 40001 (base 9) in base 4?
12122011
25d (base 14) to base 3
122121
What is 10010212 (base 3) in base 10?
2291
Convert -81665 (base 9) to base 12.
-27142
What is 24671 (base 8) in base 15?
3271
Convert 23676 (base 9) to base 4.
3313320
-15 (base 15) to base 7
-26
111111 (base 2) to base 11
58
-1123 (base 8) to base 9
-731
Convert -9184 (base 12) to base 3.
-210200001
Convert -303124 (base 6) to base 12.
-11aa4
-1a5a1 (base 11) to base 7
-146402
What is 44c (base 16) in base 3?
1111202
6635 (base 9) to base 7
20156
What is 330231 (base 4) in base 2?
111100101101
What is -1031 (base 8) in base 10?
-537
What is 22e7 (base 15) in base 3?
101011201
Convert -340641 (base 7) to base 16.
-ebbc
What is 302 (base 14) in base 11?
497
-546c (base 15) to base 6
-214433
Convert 322 (base 9) to base 7.
524
Convert 1001011111110010 (base 2) to base 12.
1a616
What is 1343041 (base 5) in base 7?
144221
1132 (base 6) to base 14
156
What is 2112222221 (base 3) in base 14?
1448b
What is -10001011001 (base 2) in base 15?
-4e3
Convert -22342 (base 5) to base 3.
-2012011
What is -15 (base 7) in base 2?
-1100
What is 2527 (base 10) in base 13?
11c5
Convert 121002212 (base 3) to base 13.
5462
30d6 (base 15) to base 13
4914
What is 11122 (base 3) in base 15?
85
What is -1100001000011 (base 2) in base 10?
-6211
110a (base 11) to base 9
2004
Convert -4a4 (base 15) to base 8.
-2036
-23105 (base 7) to base 15
-1b25
-7ce (base 15) to base 14
-905
What is -1455423 (base 6) in base 16?
-14de7
Convert -296 (base 11) to base 16.
-15b
What is 1012 (base 3) in base 13?
26
Convert 28214 (base 11) to base 16.
9cfb
Convert -5199 (base 13) to base 14.
-417a
-115 (base 6) to base 5
-142
30313 (base 5) to base 8
3646
Convert 40020 (base 5) to base 10.
2510
Convert 19ab (base 13) to base 5.
110414
-771 (base 13) to base 11
-a5a
-574 (base 15) to base 5
-14414
What is -1010001000010111 (base 2) in base 9?
-62825
What is -2577 (base 8) in base 4?
-111333
What is 21120 (base 7) in base 6?
40040
What is 262 (base 10) in base 9?
321
What is 812 (base 12) in base 11?
970
Convert 816 (base 11) to base 3.
1100111
Convert -1064 (base 15) to base 4.
-312031
Convert 1a40 (base 16) to base 6.
51040
-23441 (base 5) to base 3
-2101200
What is 423203 (base 5) in base 10?
14178
Convert 344 (base 8) to base 14.
124
5526 (base 7) to base 8
3674
22032 (base 4) to base 6
3010
What is 113466 (base 7) in base 16?
5001
What is 1088 (base 11) in base 5?
21202
Convert -7a (base 12) to base 16.
-5e
Convert -5cd (base 16) to base 6.
-10513
Convert 1121000 (base 3) to base 8.
2211
What is -a00 (base 12) in base 3?
-1222100
Convert -100100000110011 (base 2) to base 16.
-4833
Convert -404022 (base 5) to base 6.
-140124
3245 (base 11) to base 15
1409
Convert -8499 (base 11) to base 7.
-44525
3909 (base 12) to base 4
1211121
-348 (base 15) to base 5
-10433
-c3 (base 14) to base 2
-10101011
Convert 10111020 (base 3) to base 13.
1209
-1001001001 (base 2) to base 11
-492
Convert -55462 (base 7) to ba